{"id":85,"date":"2017-06-01T09:02:26","date_gmt":"2017-06-01T09:02:26","guid":{"rendered":"http:\/\/neu.bluegrass-breakdown.de\/?page_id=85"},"modified":"2026-01-20T12:30:10","modified_gmt":"2026-01-20T12:30:10","slug":"akustisch-in-berlin","status":"publish","type":"page","link":"http:\/\/www.bluegrass-breakdown.de\/","title":{"rendered":"Bluegrass Breakdown"},"content":{"rendered":"<h3>Bluegrass Breakdown<\/h3>\n<p>Als eine der erfahrensten aktiven Bands in Deutschland ist \u201eBluegrass Breakdown\u201c aus Berlin wirklich \u201eunbreakable\u201c \u2013 und ein echter Dauerbrenner in der Szene akustischer Musik. Zum 44-j\u00e4hrigen Bestehen der Band stehen in diesem Jahr noch zwei Gr\u00fcndungsmitglieder auf der B\u00fchne. Und sie bringen den urspr\u00fcnglich aus den US-amerikanischen Appalachen stammenden hochenergetischen Sound zwischen halsbrecherischen Soli und mehrstimmig-romantischem Satzgesang in die Bundeshauptstadt &#8211; und dar\u00fcber hinaus.<\/p>\n<p>In der klassischen Besetzung mit Banjo, Gitarre, Fiddle, Mandoline und Bass interpretiert \u201eBluegrass Breakdown\u201c seit der Gr\u00fcndung im Jahr 1982 das Genre mit vielen Eigenkompositionen auf ihren mittlerweile vier CDs. Aber auch Rock- und Pop-Klassiker bekommen in progressiven Arrangements auf akustischen Instrumenten den charakteristischen Bluegrass-Sound verpasst: Instrumental virtuos, mit starken Stimmen und einer ordentlichen Portion Humor beweisen die drei geb\u00fcrtigen Berliner mit Unterst\u00fctzung eines Schwaben und eines Niedersachsen: Blaues Gras gedeiht nicht nur in seinem Ursprungsland Kentucky, sondern wurzelt auch an der Spree ganz hervorragend!<\/p>\n","protected":false},"excerpt":{"rendered":"<p>Bluegrass Breakdown Als eine der erfahrensten aktiven Bands in Deutschland ist \u201eBluegrass Breakdown\u201c aus Berlin wirklich \u201eunbreakable\u201c \u2013 und ein echter Dauerbrenner in der Szene akustischer Musik. Zum 44-j\u00e4hrigen Bestehen der Band stehen in diesem Jahr noch zwei Gr\u00fcndungsmitglieder auf der B\u00fchne. Und sie bringen den urspr\u00fcnglich aus den US-amerikanischen Appalachen stammenden hochenergetischen Sound zwischen [&hellip;]<\/p>\n","protected":false},"author":1,"featured_media":625,"parent":0,"menu_order":0,"comment_status":"closed","ping_status":"closed","template":"","meta":{"_monsterinsights_skip_tracking":false,"_monsterinsights_sitenote_active":false,"_monsterinsights_sitenote_note":"","_monsterinsights_sitenote_category":0,"footnotes":""},"yoast_head":"<!-- This site is optimized with the Yoast SEO plugin v21.5 - https:\/\/yoast.com\/wordpress\/plugins\/seo\/ -->\n<title>Bluegrass Breakdown - Bluegrass Breakdown<\/title>\n<meta name=\"description\" content=\"Als eine der erfahrensten aktiven Bands in Deutschland ist \u201eBluegrass Breakdown\u201c aus Berlin wirklich &quot;unbreakable&quot; \u2013 und ein echter Dauerbrenner in der akustischen Szene. Zum 42-j\u00e4hrigen Bestehen der Band in diesem Jahr sind noch zwei der Gr\u00fcndungsmitglieder mit dabei. Zusammen bringen sie den originalen Sound der Appalachen in die Bundeshauptstadt.\" \/>\n<meta name=\"robots\" content=\"index, follow, max-snippet:-1, max-image-preview:large, max-video-preview:-1\" \/>\n<link rel=\"canonical\" href=\"http:\/\/www.bluegrass-breakdown.de\/\" \/>\n<meta property=\"og:locale\" content=\"de_DE\" \/>\n<meta property=\"og:type\" content=\"article\" \/>\n<meta property=\"og:title\" content=\"Bluegrass Breakdown - Bluegrass Breakdown\" \/>\n<meta property=\"og:description\" content=\"Als eine der erfahrensten aktiven Bands in Deutschland ist \u201eBluegrass Breakdown\u201c aus Berlin wirklich &quot;unbreakable&quot; \u2013 und ein echter Dauerbrenner in der akustischen Szene. Zum 42-j\u00e4hrigen Bestehen der Band in diesem Jahr sind noch zwei der Gr\u00fcndungsmitglieder mit dabei. Zusammen bringen sie den originalen Sound der Appalachen in die Bundeshauptstadt.\" \/>\n<meta property=\"og:url\" content=\"http:\/\/www.bluegrass-breakdown.de\/\" \/>\n<meta property=\"og:site_name\" content=\"Bluegrass Breakdown\" \/>\n<meta property=\"article:modified_time\" content=\"2026-01-20T12:30:10+00:00\" \/>\n<meta property=\"og:image\" content=\"http:\/\/neu.bluegrass-breakdown.de\/wp-content\/uploads\/2018\/05\/presse_alt_2_m-965x1024.jpg\" \/>\n\t<meta property=\"og:image:width\" content=\"965\" \/>\n\t<meta property=\"og:image:height\" content=\"1024\" \/>\n\t<meta property=\"og:image:type\" content=\"image\/jpeg\" \/>\n<meta name=\"twitter:card\" content=\"summary_large_image\" \/>\n<meta name=\"twitter:label1\" content=\"Gesch\u00e4tzte Lesezeit\" \/>\n\t<meta name=\"twitter:data1\" content=\"1\u00a0Minute\" \/>\n<script type=\"application\/ld+json\" class=\"yoast-schema-graph\">{\"@context\":\"https:\/\/schema.org\",\"@graph\":[{\"@type\":\"WebPage\",\"@id\":\"http:\/\/www.bluegrass-breakdown.de\/\",\"url\":\"http:\/\/www.bluegrass-breakdown.de\/\",\"name\":\"Bluegrass Breakdown - Bluegrass Breakdown\",\"isPartOf\":{\"@id\":\"http:\/\/www.bluegrass-breakdown.de\/#website\"},\"datePublished\":\"2017-06-01T09:02:26+00:00\",\"dateModified\":\"2026-01-20T12:30:10+00:00\",\"description\":\"Als eine der erfahrensten aktiven Bands in Deutschland ist \u201eBluegrass Breakdown\u201c aus Berlin wirklich \\\"unbreakable\\\" \u2013 und ein echter Dauerbrenner in der akustischen Szene. Zum 42-j\u00e4hrigen Bestehen der Band in diesem Jahr sind noch zwei der Gr\u00fcndungsmitglieder mit dabei. Zusammen bringen sie den originalen Sound der Appalachen in die Bundeshauptstadt.\",\"breadcrumb\":{\"@id\":\"http:\/\/www.bluegrass-breakdown.de\/#breadcrumb\"},\"inLanguage\":\"de\",\"potentialAction\":[{\"@type\":\"ReadAction\",\"target\":[\"http:\/\/www.bluegrass-breakdown.de\/\"]}]},{\"@type\":\"BreadcrumbList\",\"@id\":\"http:\/\/www.bluegrass-breakdown.de\/#breadcrumb\",\"itemListElement\":[{\"@type\":\"ListItem\",\"position\":1,\"name\":\"Startseite\",\"item\":\"http:\/\/www.bluegrass-breakdown.de\/\"},{\"@type\":\"ListItem\",\"position\":2,\"name\":\"Bluegrass Breakdown\"}]},{\"@type\":\"WebSite\",\"@id\":\"http:\/\/www.bluegrass-breakdown.de\/#website\",\"url\":\"http:\/\/www.bluegrass-breakdown.de\/\",\"name\":\"Bluegrass Breakdown\",\"description\":\"Bluegrass aus Berlin     handgemacht seit 1982\",\"publisher\":{\"@id\":\"http:\/\/www.bluegrass-breakdown.de\/#organization\"},\"potentialAction\":[{\"@type\":\"SearchAction\",\"target\":{\"@type\":\"EntryPoint\",\"urlTemplate\":\"http:\/\/www.bluegrass-breakdown.de\/?s={search_term_string}\"},\"query-input\":\"required name=search_term_string\"}],\"inLanguage\":\"de\"},{\"@type\":\"Organization\",\"@id\":\"http:\/\/www.bluegrass-breakdown.de\/#organization\",\"name\":\"Bluegrass Breakdown\",\"url\":\"http:\/\/www.bluegrass-breakdown.de\/\",\"logo\":{\"@type\":\"ImageObject\",\"inLanguage\":\"de\",\"@id\":\"http:\/\/www.bluegrass-breakdown.de\/#\/schema\/logo\/image\/\",\"url\":\"\",\"contentUrl\":\"\",\"caption\":\"Bluegrass Breakdown\"},\"image\":{\"@id\":\"http:\/\/www.bluegrass-breakdown.de\/#\/schema\/logo\/image\/\"}}]}<\/script>\n<!-- \/ Yoast SEO plugin. -->","yoast_head_json":{"title":"Bluegrass Breakdown - Bluegrass Breakdown","description":"Als eine der erfahrensten aktiven Bands in Deutschland ist \u201eBluegrass Breakdown\u201c aus Berlin wirklich \"unbreakable\" \u2013 und ein echter Dauerbrenner in der akustischen Szene. Zum 42-j\u00e4hrigen Bestehen der Band in diesem Jahr sind noch zwei der Gr\u00fcndungsmitglieder mit dabei. Zusammen bringen sie den originalen Sound der Appalachen in die Bundeshauptstadt.","robots":{"index":"index","follow":"follow","max-snippet":"max-snippet:-1","max-image-preview":"max-image-preview:large","max-video-preview":"max-video-preview:-1"},"canonical":"http:\/\/www.bluegrass-breakdown.de\/","og_locale":"de_DE","og_type":"article","og_title":"Bluegrass Breakdown - Bluegrass Breakdown","og_description":"Als eine der erfahrensten aktiven Bands in Deutschland ist \u201eBluegrass Breakdown\u201c aus Berlin wirklich \"unbreakable\" \u2013 und ein echter Dauerbrenner in der akustischen Szene. Zum 42-j\u00e4hrigen Bestehen der Band in diesem Jahr sind noch zwei der Gr\u00fcndungsmitglieder mit dabei. Zusammen bringen sie den originalen Sound der Appalachen in die Bundeshauptstadt.","og_url":"http:\/\/www.bluegrass-breakdown.de\/","og_site_name":"Bluegrass Breakdown","article_modified_time":"2026-01-20T12:30:10+00:00","og_image":[{"width":965,"height":1024,"url":"http:\/\/neu.bluegrass-breakdown.de\/wp-content\/uploads\/2018\/05\/presse_alt_2_m-965x1024.jpg","type":"image\/jpeg"}],"twitter_card":"summary_large_image","twitter_misc":{"Gesch\u00e4tzte Lesezeit":"1\u00a0Minute"},"schema":{"@context":"https:\/\/schema.org","@graph":[{"@type":"WebPage","@id":"http:\/\/www.bluegrass-breakdown.de\/","url":"http:\/\/www.bluegrass-breakdown.de\/","name":"Bluegrass Breakdown - Bluegrass Breakdown","isPartOf":{"@id":"http:\/\/www.bluegrass-breakdown.de\/#website"},"datePublished":"2017-06-01T09:02:26+00:00","dateModified":"2026-01-20T12:30:10+00:00","description":"Als eine der erfahrensten aktiven Bands in Deutschland ist \u201eBluegrass Breakdown\u201c aus Berlin wirklich \"unbreakable\" \u2013 und ein echter Dauerbrenner in der akustischen Szene. Zum 42-j\u00e4hrigen Bestehen der Band in diesem Jahr sind noch zwei der Gr\u00fcndungsmitglieder mit dabei. Zusammen bringen sie den originalen Sound der Appalachen in die Bundeshauptstadt.","breadcrumb":{"@id":"http:\/\/www.bluegrass-breakdown.de\/#breadcrumb"},"inLanguage":"de","potentialAction":[{"@type":"ReadAction","target":["http:\/\/www.bluegrass-breakdown.de\/"]}]},{"@type":"BreadcrumbList","@id":"http:\/\/www.bluegrass-breakdown.de\/#breadcrumb","itemListElement":[{"@type":"ListItem","position":1,"name":"Startseite","item":"http:\/\/www.bluegrass-breakdown.de\/"},{"@type":"ListItem","position":2,"name":"Bluegrass Breakdown"}]},{"@type":"WebSite","@id":"http:\/\/www.bluegrass-breakdown.de\/#website","url":"http:\/\/www.bluegrass-breakdown.de\/","name":"Bluegrass Breakdown","description":"Bluegrass aus Berlin     handgemacht seit 1982","publisher":{"@id":"http:\/\/www.bluegrass-breakdown.de\/#organization"},"potentialAction":[{"@type":"SearchAction","target":{"@type":"EntryPoint","urlTemplate":"http:\/\/www.bluegrass-breakdown.de\/?s={search_term_string}"},"query-input":"required name=search_term_string"}],"inLanguage":"de"},{"@type":"Organization","@id":"http:\/\/www.bluegrass-breakdown.de\/#organization","name":"Bluegrass Breakdown","url":"http:\/\/www.bluegrass-breakdown.de\/","logo":{"@type":"ImageObject","inLanguage":"de","@id":"http:\/\/www.bluegrass-breakdown.de\/#\/schema\/logo\/image\/","url":"","contentUrl":"","caption":"Bluegrass Breakdown"},"image":{"@id":"http:\/\/www.bluegrass-breakdown.de\/#\/schema\/logo\/image\/"}}]}},"_links":{"self":[{"href":"http:\/\/www.bluegrass-breakdown.de\/index.php?rest_route=\/wp\/v2\/pages\/85"}],"collection":[{"href":"http:\/\/www.bluegrass-breakdown.de\/index.php?rest_route=\/wp\/v2\/pages"}],"about":[{"href":"http:\/\/www.bluegrass-breakdown.de\/index.php?rest_route=\/wp\/v2\/types\/page"}],"author":[{"embeddable":true,"href":"http:\/\/www.bluegrass-breakdown.de\/index.php?rest_route=\/wp\/v2\/users\/1"}],"replies":[{"embeddable":true,"href":"http:\/\/www.bluegrass-breakdown.de\/index.php?rest_route=%2Fwp%2Fv2%2Fcomments&post=85"}],"version-history":[{"count":23,"href":"http:\/\/www.bluegrass-breakdown.de\/index.php?rest_route=\/wp\/v2\/pages\/85\/revisions"}],"predecessor-version":[{"id":1048,"href":"http:\/\/www.bluegrass-breakdown.de\/index.php?rest_route=\/wp\/v2\/pages\/85\/revisions\/1048"}],"wp:featuredmedia":[{"embeddable":true,"href":"http:\/\/www.bluegrass-breakdown.de\/index.php?rest_route=\/wp\/v2\/media\/625"}],"wp:attachment":[{"href":"http:\/\/www.bluegrass-breakdown.de\/index.php?rest_route=%2Fwp%2Fv2%2Fmedia&parent=85"}],"curies":[{"name":"wp","href":"https:\/\/api.w.org\/{rel}","templated":true}]}}